{"id":1009,"date":"2019-02-26T16:16:41","date_gmt":"2019-02-26T15:16:41","guid":{"rendered":"https:\/\/eichengruen-karlsdorf.de\/egk2017\/?post_type=tribe_events&#038;p=1009"},"modified":"2019-02-26T16:16:41","modified_gmt":"2019-02-26T15:16:41","slug":"49-sektionspokalschiessen-3","status":"publish","type":"tribe_events","link":"https:\/\/eichengruen-karlsdorf.de\/egk2017\/event\/49-sektionspokalschiessen-3\/","title":{"rendered":"49. Sektionspokalschie\u00dfen"},"content":{"rendered":"<p>Schie\u00dfzeiten Freitag, 8. M\u00e4rz 18-22 Uhr<br \/>\nSamstag, 9. M\u00e4rz 14-22 Uhr<br \/>\nSonntag, 10. M\u00e4rz 10-20 Uhr, Annahmeschluss 19:00 Uhr<br \/>\nPreisverleihung Die Preisverleihung findet am Sonntag, den 17. M\u00e4rz um 10:00 Uhr im Sch\u00fctzenheim Reithofen statt<\/p>\n<p><a href=\"https:\/\/eichengruen-karlsdorf.de\/egk2017\/wp-content\/uploads\/2019\/02\/Ausschreibung-Sektionsschie\u00dfen-Reithofen-2019.pdf\">Ausschreibung Sektionsschie\u00dfen Reithofen 2019<\/a><\/p>\n","protected":false},"excerpt":{"rendered":"<p>Schie\u00dfzeiten Freitag, 8. M\u00e4rz 18-22 Uhr Samstag, 9. M\u00e4rz 14-22 Uhr Sonntag, 10. M\u00e4rz 10-20 Uhr, Annahmeschluss 19:00 Uhr Preisverleihung Die Preisverleihung findet am Sonntag, den 17. M\u00e4rz um 10:00 &#8230; <a title=\"49. Sektionspokalschie\u00dfen\" class=\"read-more\" href=\"https:\/\/eichengruen-karlsdorf.de\/egk2017\/event\/49-sektionspokalschiessen-3\/\" aria-label=\"Mehr Informationen \u00fcber 49. Sektionspokalschie\u00dfen\">Weiterlesen<\/a><\/p>\n","protected":false},"author":3,"featured_media":0,"template":"","meta":{"_tribe_events_status":"","_tribe_events_status_reason":"","footnotes":""},"tags":[],"tribe_events_cat":[],"class_list":["post-1009","tribe_events","type-tribe_events","status-publish","hentry"],"_links":{"self":[{"href":"https:\/\/eichengruen-karlsdorf.de\/egk2017\/wp-json\/wp\/v2\/tribe_events\/1009","targetHints":{"allow":["GET"]}}],"collection":[{"href":"https:\/\/eichengruen-karlsdorf.de\/egk2017\/wp-json\/wp\/v2\/tribe_events"}],"about":[{"href":"https:\/\/eichengruen-karlsdorf.de\/egk2017\/wp-json\/wp\/v2\/types\/tribe_events"}],"author":[{"embeddable":true,"href":"https:\/\/eichengruen-karlsdorf.de\/egk2017\/wp-json\/wp\/v2\/users\/3"}],"version-history":[{"count":1,"href":"https:\/\/eichengruen-karlsdorf.de\/egk2017\/wp-json\/wp\/v2\/tribe_events\/1009\/revisions"}],"predecessor-version":[{"id":1010,"href":"https:\/\/eichengruen-karlsdorf.de\/egk2017\/wp-json\/wp\/v2\/tribe_events\/1009\/revisions\/1010"}],"wp:attachment":[{"href":"https:\/\/eichengruen-karlsdorf.de\/egk2017\/wp-json\/wp\/v2\/media?parent=1009"}],"wp:term":[{"taxonomy":"post_tag","embeddable":true,"href":"https:\/\/eichengruen-karlsdorf.de\/egk2017\/wp-json\/wp\/v2\/tags?post=1009"},{"taxonomy":"tribe_events_cat","embeddable":true,"href":"https:\/\/eichengruen-karlsdorf.de\/egk2017\/wp-json\/wp\/v2\/tribe_events_cat?post=1009"}],"curies":[{"name":"wp","href":"https:\/\/api.w.org\/{rel}","templated":true}]}}

49. Sektionspokalschießen

<p>Schießzeiten Freitag, 8. März 18-22 Uhr<br />
Samstag, 9. März 14-22 Uhr<br />
Sonntag, 10. März 10-20 Uhr, Annahmeschluss 19:00 Uhr<br />
Preisverleihung Die Preisverleihung findet am Sonntag, den 17. März um 10:00 Uhr im Schützenheim Reithofen statt</p>
<p><a href="https://eichengruen-karlsdorf.de/egk2017/wp-content/uploads/2019/02/Ausschreibung-Sektionsschießen-Reithofen-2019.pdf">Ausschreibung Sektionsschießen Reithofen 2019</a></p>

<p>Schießzeiten Freitag, 8. März 18-22 Uhr Samstag, 9. März 14-22 Uhr Sonntag, 10. März 10-20 Uhr, Annahmeschluss 19:00 Uhr Preisverleihung Die Preisverleihung findet am Sonntag, den 17. März um 10:00 &#8230; <a title="49. Sektionspokalschießen" class="read-more" href="https://eichengruen-karlsdorf.de/egk2017/event/49-sektionspokalschiessen-3/" aria-label="Mehr Informationen über 49. Sektionspokalschießen">Weiterlesen</a></p>
