{"id":1030,"date":"2019-05-14T21:43:02","date_gmt":"2019-05-14T19:43:02","guid":{"rendered":"https:\/\/eichengruen-karlsdorf.de\/egk2017\/?post_type=tribe_events&#038;p=1030"},"modified":"2019-05-14T21:43:02","modified_gmt":"2019-05-14T19:43:02","slug":"oktoberfestschiessen-2019","status":"publish","type":"tribe_events","link":"https:\/\/eichengruen-karlsdorf.de\/egk2017\/event\/oktoberfestschiessen-2019\/","title":{"rendered":"Oktoberfestschie\u00dfen 2019"},"content":{"rendered":"<h2>Fahrt zum Oktoberfestlandesschie\u00dfen<\/h2>\n<p>Auch in diesem Jahr starten wir wieder zum Oktoberfestlandesschie\u00dfen, das seit 1896 ausgetragen wird.<\/p>\n<ul>\n<li>Termin: 29. September 2019, 7 Uhr, Treffpunkt am gew\u00e4hlten Einstiegsort<\/li>\n<\/ul>\n<p>Mehr Details auf dieser Seite, sobald diese ver\u00f6ffentlicht wurden (z.B. Ausschreibung der Wettbewerbe, Anfahrtsm\u00f6glichkeiten oder Sondergenehmigungen der Stadt M\u00fcnchen bzgl.. Waffentransport).<\/p>\n","protected":false},"excerpt":{"rendered":"<p>Fahrt zum Oktoberfestlandesschie\u00dfen Auch in diesem Jahr starten wir wieder zum Oktoberfestlandesschie\u00dfen, das seit 1896 ausgetragen wird. Termin: 29. September 2019, 7 Uhr, Treffpunkt am gew\u00e4hlten Einstiegsort Mehr Details auf &#8230; <a title=\"Oktoberfestschie\u00dfen 2019\" class=\"read-more\" href=\"https:\/\/eichengruen-karlsdorf.de\/egk2017\/event\/oktoberfestschiessen-2019\/\" aria-label=\"Mehr Informationen \u00fcber Oktoberfestschie\u00dfen 2019\">Weiterlesen<\/a><\/p>\n","protected":false},"author":3,"featured_media":0,"template":"","meta":{"_tribe_events_status":"","_tribe_events_status_reason":"","footnotes":""},"tags":[],"tribe_events_cat":[],"class_list":["post-1030","tribe_events","type-tribe_events","status-publish","hentry"],"_links":{"self":[{"href":"https:\/\/eichengruen-karlsdorf.de\/egk2017\/wp-json\/wp\/v2\/tribe_events\/1030","targetHints":{"allow":["GET"]}}],"collection":[{"href":"https:\/\/eichengruen-karlsdorf.de\/egk2017\/wp-json\/wp\/v2\/tribe_events"}],"about":[{"href":"https:\/\/eichengruen-karlsdorf.de\/egk2017\/wp-json\/wp\/v2\/types\/tribe_events"}],"author":[{"embeddable":true,"href":"https:\/\/eichengruen-karlsdorf.de\/egk2017\/wp-json\/wp\/v2\/users\/3"}],"version-history":[{"count":1,"href":"https:\/\/eichengruen-karlsdorf.de\/egk2017\/wp-json\/wp\/v2\/tribe_events\/1030\/revisions"}],"predecessor-version":[{"id":1031,"href":"https:\/\/eichengruen-karlsdorf.de\/egk2017\/wp-json\/wp\/v2\/tribe_events\/1030\/revisions\/1031"}],"wp:attachment":[{"href":"https:\/\/eichengruen-karlsdorf.de\/egk2017\/wp-json\/wp\/v2\/media?parent=1030"}],"wp:term":[{"taxonomy":"post_tag","embeddable":true,"href":"https:\/\/eichengruen-karlsdorf.de\/egk2017\/wp-json\/wp\/v2\/tags?post=1030"},{"taxonomy":"tribe_events_cat","embeddable":true,"href":"https:\/\/eichengruen-karlsdorf.de\/egk2017\/wp-json\/wp\/v2\/tribe_events_cat?post=1030"}],"curies":[{"name":"wp","href":"https:\/\/api.w.org\/{rel}","templated":true}]}}

Oktoberfestschießen 2019

<h2>Fahrt zum Oktoberfestlandesschießen</h2>
<p>Auch in diesem Jahr starten wir wieder zum Oktoberfestlandesschießen, das seit 1896 ausgetragen wird.</p>
<ul>
<li>Termin: 29. September 2019, 7 Uhr, Treffpunkt am gewählten Einstiegsort</li>
</ul>
<p>Mehr Details auf dieser Seite, sobald diese veröffentlicht wurden (z.B. Ausschreibung der Wettbewerbe, Anfahrtsmöglichkeiten oder Sondergenehmigungen der Stadt München bzgl.. Waffentransport).</p>

<p>Fahrt zum Oktoberfestlandesschießen Auch in diesem Jahr starten wir wieder zum Oktoberfestlandesschießen, das seit 1896 ausgetragen wird. Termin: 29. September 2019, 7 Uhr, Treffpunkt am gewählten Einstiegsort Mehr Details auf &#8230; <a title="Oktoberfestschießen 2019" class="read-more" href="https://eichengruen-karlsdorf.de/egk2017/event/oktoberfestschiessen-2019/" aria-label="Mehr Informationen über Oktoberfestschießen 2019">Weiterlesen</a></p>
