{"id":1222,"date":"2019-10-09T00:23:11","date_gmt":"2019-10-08T22:23:11","guid":{"rendered":"https:\/\/eichengruen-karlsdorf.de\/egk2017\/event\/rwk-lg-jugend-hubertus-hoerlkofen-e-v-1-eichengruen-karlsdorf-e-v-1\/"},"modified":"2019-10-09T00:23:11","modified_gmt":"2019-10-08T22:23:11","slug":"rwk-lg-jugend-hubertus-hoerlkofen-e-v-1-eichengruen-karlsdorf-e-v-1","status":"publish","type":"tribe_events","link":"https:\/\/eichengruen-karlsdorf.de\/egk2017\/event\/rwk-lg-jugend-hubertus-hoerlkofen-e-v-1-eichengruen-karlsdorf-e-v-1\/","title":{"rendered":"RWK LG Jugend Hubertus H\u00f6rlkofen e.V. 1 &#8211; Eichengr\u00fcn Karlsdorf e.V. 1"},"content":{"rendered":"<p>Rundenwettkampf RWK LG Jugend  Runde:2 Hubertus H\u00f6rlkofen e.V. 1 (Heim)  gegen Eichengr\u00fcn Karlsdorf e.V. 1 (Gast)<\/p>\n","protected":false},"excerpt":{"rendered":"<p>Rundenwettkampf RWK LG Jugend Runde:2 Hubertus H\u00f6rlkofen e.V. 1 (Heim) gegen Eichengr\u00fcn Karlsdorf e.V. 1 (Gast)<\/p>\n","protected":false},"author":3,"featured_media":0,"template":"","meta":{"_tribe_events_status":"","_tribe_events_status_reason":"","footnotes":""},"tags":[],"tribe_events_cat":[12],"class_list":["post-1222","tribe_events","type-tribe_events","status-publish","hentry","tribe_events_cat-rwk-lg-jugend","cat_rwk-lg-jugend"],"_links":{"self":[{"href":"https:\/\/eichengruen-karlsdorf.de\/egk2017\/wp-json\/wp\/v2\/tribe_events\/1222","targetHints":{"allow":["GET"]}}],"collection":[{"href":"https:\/\/eichengruen-karlsdorf.de\/egk2017\/wp-json\/wp\/v2\/tribe_events"}],"about":[{"href":"https:\/\/eichengruen-karlsdorf.de\/egk2017\/wp-json\/wp\/v2\/types\/tribe_events"}],"author":[{"embeddable":true,"href":"https:\/\/eichengruen-karlsdorf.de\/egk2017\/wp-json\/wp\/v2\/users\/3"}],"version-history":[{"count":0,"href":"https:\/\/eichengruen-karlsdorf.de\/egk2017\/wp-json\/wp\/v2\/tribe_events\/1222\/revisions"}],"wp:attachment":[{"href":"https:\/\/eichengruen-karlsdorf.de\/egk2017\/wp-json\/wp\/v2\/media?parent=1222"}],"wp:term":[{"taxonomy":"post_tag","embeddable":true,"href":"https:\/\/eichengruen-karlsdorf.de\/egk2017\/wp-json\/wp\/v2\/tags?post=1222"},{"taxonomy":"tribe_events_cat","embeddable":true,"href":"https:\/\/eichengruen-karlsdorf.de\/egk2017\/wp-json\/wp\/v2\/tribe_events_cat?post=1222"}],"curies":[{"name":"wp","href":"https:\/\/api.w.org\/{rel}","templated":true}]}}

RWK LG Jugend Hubertus Hörlkofen e.V. 1 &#8211; Eichengrün Karlsdorf e.V. 1

<p>Rundenwettkampf RWK LG Jugend  Runde:2 Hubertus Hörlkofen e.V. 1 (Heim)  gegen Eichengrün Karlsdorf e.V. 1 (Gast)</p>

<p>Rundenwettkampf RWK LG Jugend Runde:2 Hubertus Hörlkofen e.V. 1 (Heim) gegen Eichengrün Karlsdorf e.V. 1 (Gast)</p>
