{"id":1232,"date":"2019-10-09T00:23:13","date_gmt":"2019-10-08T22:23:13","guid":{"rendered":"https:\/\/eichengruen-karlsdorf.de\/egk2017\/event\/rwk-lg-d-moosroesl-woerth-e-v-1-eichengruen-karlsdorf-e-v-2\/"},"modified":"2019-10-09T00:23:13","modified_gmt":"2019-10-08T22:23:13","slug":"rwk-lg-d-moosroesl-woerth-e-v-1-eichengruen-karlsdorf-e-v-2","status":"publish","type":"tribe_events","link":"https:\/\/eichengruen-karlsdorf.de\/egk2017\/event\/rwk-lg-d-moosroesl-woerth-e-v-1-eichengruen-karlsdorf-e-v-2\/","title":{"rendered":"RWK LG D Moosr\u00f6sl W\u00f6rth e.V. 1 &#8211; Eichengr\u00fcn Karlsdorf e.V. 2"},"content":{"rendered":"<p>Rundenwettkampf RWK LG D  Runde:6 Moosr\u00f6sl W\u00f6rth e.V. 1 (Heim)  gegen Eichengr\u00fcn Karlsdorf e.V. 2 (Gast)<\/p>\n","protected":false},"excerpt":{"rendered":"<p>Rundenwettkampf RWK LG D Runde:6 Moosr\u00f6sl W\u00f6rth e.V. 1 (Heim) gegen Eichengr\u00fcn Karlsdorf e.V. 2 (Gast)<\/p>\n","protected":false},"author":3,"featured_media":0,"template":"","meta":{"_tribe_events_status":"","_tribe_events_status_reason":"","footnotes":""},"tags":[],"tribe_events_cat":[18],"class_list":["post-1232","tribe_events","type-tribe_events","status-publish","hentry","tribe_events_cat-rwk-lg-2","cat_rwk-lg-2"],"_links":{"self":[{"href":"https:\/\/eichengruen-karlsdorf.de\/egk2017\/wp-json\/wp\/v2\/tribe_events\/1232","targetHints":{"allow":["GET"]}}],"collection":[{"href":"https:\/\/eichengruen-karlsdorf.de\/egk2017\/wp-json\/wp\/v2\/tribe_events"}],"about":[{"href":"https:\/\/eichengruen-karlsdorf.de\/egk2017\/wp-json\/wp\/v2\/types\/tribe_events"}],"author":[{"embeddable":true,"href":"https:\/\/eichengruen-karlsdorf.de\/egk2017\/wp-json\/wp\/v2\/users\/3"}],"version-history":[{"count":0,"href":"https:\/\/eichengruen-karlsdorf.de\/egk2017\/wp-json\/wp\/v2\/tribe_events\/1232\/revisions"}],"wp:attachment":[{"href":"https:\/\/eichengruen-karlsdorf.de\/egk2017\/wp-json\/wp\/v2\/media?parent=1232"}],"wp:term":[{"taxonomy":"post_tag","embeddable":true,"href":"https:\/\/eichengruen-karlsdorf.de\/egk2017\/wp-json\/wp\/v2\/tags?post=1232"},{"taxonomy":"tribe_events_cat","embeddable":true,"href":"https:\/\/eichengruen-karlsdorf.de\/egk2017\/wp-json\/wp\/v2\/tribe_events_cat?post=1232"}],"curies":[{"name":"wp","href":"https:\/\/api.w.org\/{rel}","templated":true}]}}

RWK LG D Moosrösl Wörth e.V. 1 &#8211; Eichengrün Karlsdorf e.V. 2

<p>Rundenwettkampf RWK LG D  Runde:6 Moosrösl Wörth e.V. 1 (Heim)  gegen Eichengrün Karlsdorf e.V. 2 (Gast)</p>

<p>Rundenwettkampf RWK LG D Runde:6 Moosrösl Wörth e.V. 1 (Heim) gegen Eichengrün Karlsdorf e.V. 2 (Gast)</p>
