{"id":1333,"date":"2020-01-28T23:21:55","date_gmt":"2020-01-28T22:21:55","guid":{"rendered":"https:\/\/eichengruen-karlsdorf.de\/egk2017\/?post_type=tribe_events&#038;p=1333"},"modified":"2020-04-21T11:20:20","modified_gmt":"2020-04-21T09:20:20","slug":"weisswurstfruehschoppen-im-maibaumstueberl-2","status":"publish","type":"tribe_events","link":"https:\/\/eichengruen-karlsdorf.de\/egk2017\/event\/weisswurstfruehschoppen-im-maibaumstueberl-2\/","title":{"rendered":"abgesagt: Wei\u00dfwurstfr\u00fchschoppen im Maibaumst\u00fcberl"},"content":{"rendered":"<p>Wei\u00dfwurstfr\u00fchschoppen im Maibaumst\u00fcberl anschlie\u00dfend Schafkopfturnier<\/p>\n","protected":false},"excerpt":{"rendered":"<p>Wei\u00dfwurstfr\u00fchschoppen im Maibaumst\u00fcberl anschlie\u00dfend Schafkopfturnier<\/p>\n","protected":false},"author":3,"featured_media":0,"template":"","meta":{"_tribe_events_status":"","_tribe_events_status_reason":"","footnotes":""},"tags":[],"tribe_events_cat":[20],"class_list":["post-1333","tribe_events","type-tribe_events","status-publish","hentry","tribe_events_cat-maibaum","cat_maibaum"],"_links":{"self":[{"href":"https:\/\/eichengruen-karlsdorf.de\/egk2017\/wp-json\/wp\/v2\/tribe_events\/1333","targetHints":{"allow":["GET"]}}],"collection":[{"href":"https:\/\/eichengruen-karlsdorf.de\/egk2017\/wp-json\/wp\/v2\/tribe_events"}],"about":[{"href":"https:\/\/eichengruen-karlsdorf.de\/egk2017\/wp-json\/wp\/v2\/types\/tribe_events"}],"author":[{"embeddable":true,"href":"https:\/\/eichengruen-karlsdorf.de\/egk2017\/wp-json\/wp\/v2\/users\/3"}],"version-history":[{"count":2,"href":"https:\/\/eichengruen-karlsdorf.de\/egk2017\/wp-json\/wp\/v2\/tribe_events\/1333\/revisions"}],"predecessor-version":[{"id":1383,"href":"https:\/\/eichengruen-karlsdorf.de\/egk2017\/wp-json\/wp\/v2\/tribe_events\/1333\/revisions\/1383"}],"wp:attachment":[{"href":"https:\/\/eichengruen-karlsdorf.de\/egk2017\/wp-json\/wp\/v2\/media?parent=1333"}],"wp:term":[{"taxonomy":"post_tag","embeddable":true,"href":"https:\/\/eichengruen-karlsdorf.de\/egk2017\/wp-json\/wp\/v2\/tags?post=1333"},{"taxonomy":"tribe_events_cat","embeddable":true,"href":"https:\/\/eichengruen-karlsdorf.de\/egk2017\/wp-json\/wp\/v2\/tribe_events_cat?post=1333"}],"curies":[{"name":"wp","href":"https:\/\/api.w.org\/{rel}","templated":true}]}}

abgesagt: Weißwurstfrühschoppen im Maibaumstüberl

<p>Weißwurstfrühschoppen im Maibaumstüberl anschließend Schafkopfturnier</p>
