{"id":600,"date":"2018-05-28T22:27:12","date_gmt":"2018-05-28T20:27:12","guid":{"rendered":"http:\/\/www.eichengruen-karlsdorf.de\/egk2017\/?post_type=tribe_events&#038;p=600"},"modified":"2018-05-28T22:27:12","modified_gmt":"2018-05-28T20:27:12","slug":"feierliche-einweihung-des-neuen-schuetzenheims","status":"publish","type":"tribe_events","link":"https:\/\/eichengruen-karlsdorf.de\/egk2017\/event\/feierliche-einweihung-des-neuen-schuetzenheims\/","title":{"rendered":"Feierliche Einweihung des Neuen Sch\u00fctzenheims"},"content":{"rendered":"<p>Am 17.06.2018 findet die Einweihung des Neuen Sch\u00fctzenheims statt.<br \/>\num 10:00 starten wir mit dem Gottesdienst und Segnung im Festzelt.<br \/>\nDanach:<br \/>\nVergleichsschie\u00dfen der Ehreng\u00e4ste.<br \/>\nF\u00fcrs leibliche wohl gibt es Schweinsbraten und Bier und Kaffee und Kuchen.<br \/>\nZus\u00e4tzlich zur Besichtigung des Sch\u00fctzenheimes kann auch der moderne Schie\u00dfstand mit Licht- und Luftgewehr sowie das Schie\u00dfen mit der Armbrust ausprobiert werden.<br \/>\nAb 17:00 Uhr Fu\u00dfball WM \u00dcbertragung Deutschland <img loading=\"lazy\" decoding=\"async\" src=\"https:\/\/eichengruen-karlsdorf.de\/egk2017\/wp-content\/uploads\/2018\/03\/Einweihung-300x217.jpg\" alt=\"\" width=\"300\" height=\"217\" class=\"alignnone size-medium wp-image-737\" srcset=\"https:\/\/eichengruen-karlsdorf.de\/egk2017\/wp-content\/uploads\/2018\/03\/Einweihung-300x217.jpg 300w, https:\/\/eichengruen-karlsdorf.de\/egk2017\/wp-content\/uploads\/2018\/03\/Einweihung-768x555.jpg 768w, https:\/\/eichengruen-karlsdorf.de\/egk2017\/wp-content\/uploads\/2018\/03\/Einweihung-1024x739.jpg 1024w, https:\/\/eichengruen-karlsdorf.de\/egk2017\/wp-content\/uploads\/2018\/03\/Einweihung.jpg 1799w\" sizes=\"auto, (max-width: 300px) 100vw, 300px\" \/>.<\/p>\n","protected":false},"excerpt":{"rendered":"<p>Am 17.06.2018 findet die Einweihung des Neuen Sch\u00fctzenheims statt. um 10:00 starten wir mit dem Gottesdienst und Segnung im Festzelt. Danach: Vergleichsschie\u00dfen der Ehreng\u00e4ste. F\u00fcrs leibliche wohl gibt es Schweinsbraten &#8230; <a title=\"Feierliche Einweihung des Neuen Sch\u00fctzenheims\" class=\"read-more\" href=\"https:\/\/eichengruen-karlsdorf.de\/egk2017\/event\/feierliche-einweihung-des-neuen-schuetzenheims\/\" aria-label=\"Mehr Informationen \u00fcber Feierliche Einweihung des Neuen Sch\u00fctzenheims\">Weiterlesen<\/a><\/p>\n","protected":false},"author":4,"featured_media":0,"template":"","meta":{"_tribe_events_status":"","_tribe_events_status_reason":"","footnotes":""},"tags":[],"tribe_events_cat":[],"class_list":["post-600","tribe_events","type-tribe_events","status-publish","hentry"],"_links":{"self":[{"href":"https:\/\/eichengruen-karlsdorf.de\/egk2017\/wp-json\/wp\/v2\/tribe_events\/600","targetHints":{"allow":["GET"]}}],"collection":[{"href":"https:\/\/eichengruen-karlsdorf.de\/egk2017\/wp-json\/wp\/v2\/tribe_events"}],"about":[{"href":"https:\/\/eichengruen-karlsdorf.de\/egk2017\/wp-json\/wp\/v2\/types\/tribe_events"}],"author":[{"embeddable":true,"href":"https:\/\/eichengruen-karlsdorf.de\/egk2017\/wp-json\/wp\/v2\/users\/4"}],"version-history":[{"count":3,"href":"https:\/\/eichengruen-karlsdorf.de\/egk2017\/wp-json\/wp\/v2\/tribe_events\/600\/revisions"}],"predecessor-version":[{"id":738,"href":"https:\/\/eichengruen-karlsdorf.de\/egk2017\/wp-json\/wp\/v2\/tribe_events\/600\/revisions\/738"}],"wp:attachment":[{"href":"https:\/\/eichengruen-karlsdorf.de\/egk2017\/wp-json\/wp\/v2\/media?parent=600"}],"wp:term":[{"taxonomy":"post_tag","embeddable":true,"href":"https:\/\/eichengruen-karlsdorf.de\/egk2017\/wp-json\/wp\/v2\/tags?post=600"},{"taxonomy":"tribe_events_cat","embeddable":true,"href":"https:\/\/eichengruen-karlsdorf.de\/egk2017\/wp-json\/wp\/v2\/tribe_events_cat?post=600"}],"curies":[{"name":"wp","href":"https:\/\/api.w.org\/{rel}","templated":true}]}}

Feierliche Einweihung des Neuen Schützenheims

<p>Am 17.06.2018 findet die Einweihung des Neuen Schützenheims statt.<br />
um 10:00 starten wir mit dem Gottesdienst und Segnung im Festzelt.<br />
Danach:<br />
Vergleichsschießen der Ehrengäste.<br />
Fürs leibliche wohl gibt es Schweinsbraten und Bier und Kaffee und Kuchen.<br />
Zusätzlich zur Besichtigung des Schützenheimes kann auch der moderne Schießstand mit Licht- und Luftgewehr sowie das Schießen mit der Armbrust ausprobiert werden.<br />
Ab 17:00 Uhr Fußball WM Übertragung Deutschland <img loading="lazy" decoding="async" src="https://eichengruen-karlsdorf.de/egk2017/wp-content/uploads/2018/03/Einweihung-300x217.jpg" alt="" width="300" height="217" class="alignnone size-medium wp-image-737" srcset="https://eichengruen-karlsdorf.de/egk2017/wp-content/uploads/2018/03/Einweihung-300x217.jpg 300w, https://eichengruen-karlsdorf.de/egk2017/wp-content/uploads/2018/03/Einweihung-768x555.jpg 768w, https://eichengruen-karlsdorf.de/egk2017/wp-content/uploads/2018/03/Einweihung-1024x739.jpg 1024w, https://eichengruen-karlsdorf.de/egk2017/wp-content/uploads/2018/03/Einweihung.jpg 1799w" sizes="auto, (max-width: 300px) 100vw, 300px" />.</p>

<p>Am 17.06.2018 findet die Einweihung des Neuen Schützenheims statt. um 10:00 starten wir mit dem Gottesdienst und Segnung im Festzelt. Danach: Vergleichsschießen der Ehrengäste. Fürs leibliche wohl gibt es Schweinsbraten &#8230; <a title="Feierliche Einweihung des Neuen Schützenheims" class="read-more" href="https://eichengruen-karlsdorf.de/egk2017/event/feierliche-einweihung-des-neuen-schuetzenheims/" aria-label="Mehr Informationen über Feierliche Einweihung des Neuen Schützenheims">Weiterlesen</a></p>
