{"id":948,"date":"2019-01-08T22:08:46","date_gmt":"2019-01-08T21:08:46","guid":{"rendered":"https:\/\/eichengruen-karlsdorf.de\/egk2017\/?post_type=tribe_events&#038;p=948"},"modified":"2019-01-21T11:52:13","modified_gmt":"2019-01-21T10:52:13","slug":"ostereischiessen-19","status":"publish","type":"tribe_events","link":"https:\/\/eichengruen-karlsdorf.de\/egk2017\/event\/ostereischiessen-19\/","title":{"rendered":"Ostereischie\u00dfen"},"content":{"rendered":"<p>Liebe Sch\u00fctzenkameradinnen und Sch\u00fctzenkameraden<br \/>\nLiebe Sch\u00fcler und Jugendliche,<br \/>\nauch dieses Jahr werden wir wieder unseren Beitrag leisten und den Osterhasen unterst\u00fctzen mit der Verteilung seiner Ostereier!<br \/>\nWie letztes mal k\u00f6nnt ihr gerne auch eure Eltern\/Kinder oder Geschwister mitbringen falls ihr ein paar mehr Eier braucht&#8230; \ud83d\ude42<br \/>\nWir w\u00fcnschen Euch viel Erfolg beim Eierschie\u00dfen!<\/p>\n","protected":false},"excerpt":{"rendered":"<p>Liebe Sch\u00fctzenkameradinnen und Sch\u00fctzenkameraden Liebe Sch\u00fcler und Jugendliche, auch dieses Jahr werden wir wieder unseren Beitrag leisten und den Osterhasen unterst\u00fctzen mit der Verteilung seiner Ostereier! Wie letztes mal k\u00f6nnt &#8230; <a title=\"Ostereischie\u00dfen\" class=\"read-more\" href=\"https:\/\/eichengruen-karlsdorf.de\/egk2017\/event\/ostereischiessen-19\/\" aria-label=\"Mehr Informationen \u00fcber Ostereischie\u00dfen\">Weiterlesen<\/a><\/p>\n","protected":false},"author":3,"featured_media":961,"template":"","meta":{"_tribe_events_status":"","_tribe_events_status_reason":"","footnotes":""},"tags":[],"tribe_events_cat":[],"class_list":["post-948","tribe_events","type-tribe_events","status-publish","has-post-thumbnail","hentry"],"_links":{"self":[{"href":"https:\/\/eichengruen-karlsdorf.de\/egk2017\/wp-json\/wp\/v2\/tribe_events\/948","targetHints":{"allow":["GET"]}}],"collection":[{"href":"https:\/\/eichengruen-karlsdorf.de\/egk2017\/wp-json\/wp\/v2\/tribe_events"}],"about":[{"href":"https:\/\/eichengruen-karlsdorf.de\/egk2017\/wp-json\/wp\/v2\/types\/tribe_events"}],"author":[{"embeddable":true,"href":"https:\/\/eichengruen-karlsdorf.de\/egk2017\/wp-json\/wp\/v2\/users\/3"}],"version-history":[{"count":3,"href":"https:\/\/eichengruen-karlsdorf.de\/egk2017\/wp-json\/wp\/v2\/tribe_events\/948\/revisions"}],"predecessor-version":[{"id":979,"href":"https:\/\/eichengruen-karlsdorf.de\/egk2017\/wp-json\/wp\/v2\/tribe_events\/948\/revisions\/979"}],"wp:featuredmedia":[{"embeddable":true,"href":"https:\/\/eichengruen-karlsdorf.de\/egk2017\/wp-json\/wp\/v2\/media\/961"}],"wp:attachment":[{"href":"https:\/\/eichengruen-karlsdorf.de\/egk2017\/wp-json\/wp\/v2\/media?parent=948"}],"wp:term":[{"taxonomy":"post_tag","embeddable":true,"href":"https:\/\/eichengruen-karlsdorf.de\/egk2017\/wp-json\/wp\/v2\/tags?post=948"},{"taxonomy":"tribe_events_cat","embeddable":true,"href":"https:\/\/eichengruen-karlsdorf.de\/egk2017\/wp-json\/wp\/v2\/tribe_events_cat?post=948"}],"curies":[{"name":"wp","href":"https:\/\/api.w.org\/{rel}","templated":true}]}}

Ostereischießen

<p>Liebe Schützenkameradinnen und Schützenkameraden<br />
Liebe Schüler und Jugendliche,<br />
auch dieses Jahr werden wir wieder unseren Beitrag leisten und den Osterhasen unterstützen mit der Verteilung seiner Ostereier!<br />
Wie letztes mal könnt ihr gerne auch eure Eltern/Kinder oder Geschwister mitbringen falls ihr ein paar mehr Eier braucht&#8230; 🙂<br />
Wir wünschen Euch viel Erfolg beim Eierschießen!</p>

<p>Liebe Schützenkameradinnen und Schützenkameraden Liebe Schüler und Jugendliche, auch dieses Jahr werden wir wieder unseren Beitrag leisten und den Osterhasen unterstützen mit der Verteilung seiner Ostereier! Wie letztes mal könnt &#8230; <a title="Ostereischießen" class="read-more" href="https://eichengruen-karlsdorf.de/egk2017/event/ostereischiessen-19/" aria-label="Mehr Informationen über Ostereischießen">Weiterlesen</a></p>
