{"id":980,"date":"2019-01-21T12:02:00","date_gmt":"2019-01-21T11:02:00","guid":{"rendered":"https:\/\/eichengruen-karlsdorf.de\/egk2017\/?post_type=tribe_events&#038;p=980"},"modified":"2019-01-21T12:02:00","modified_gmt":"2019-01-21T11:02:00","slug":"guschu-open-2019","status":"publish","type":"tribe_events","link":"https:\/\/eichengruen-karlsdorf.de\/egk2017\/event\/guschu-open-2019\/","title":{"rendered":"Guschu Open 2019"},"content":{"rendered":"<p>Wetkampf f\u00fcr die bayerische Sch\u00fctzenjugend<\/p>\n<p>Der Wettkampf findet am Samstag, den 20. Juli 2019 auf der Olympia-Schie\u00dfanlage in Garching-Hochbr\u00fcck statt.<\/p>\n<div>Meldeschluss ist der 30. April 2019<\/div>\n<p>Die Anmeldung und Waffenkontrolle beginnt um 7:00 Uhr, der Wettkampf startet je nach Teilnehmerzahl ab ca. 8:00 Uhr.<\/p>\n<p><a href=\"https:\/\/www.bssj.de\/images\/stories\/ausschreibung\/Ausschreibung_Sport_Guschu_Open_2019.pdf\">Ausschreibung<\/a><\/p>\n","protected":false},"excerpt":{"rendered":"<p>Wetkampf f\u00fcr die bayerische Sch\u00fctzenjugend Der Wettkampf findet am Samstag, den 20. Juli 2019 auf der Olympia-Schie\u00dfanlage in Garching-Hochbr\u00fcck statt. Meldeschluss ist der 30. April 2019 Die Anmeldung und Waffenkontrolle &#8230; <a title=\"Guschu Open 2019\" class=\"read-more\" href=\"https:\/\/eichengruen-karlsdorf.de\/egk2017\/event\/guschu-open-2019\/\" aria-label=\"Mehr Informationen \u00fcber Guschu Open 2019\">Weiterlesen<\/a><\/p>\n","protected":false},"author":3,"featured_media":981,"template":"","meta":{"_tribe_events_status":"","_tribe_events_status_reason":"","footnotes":""},"tags":[],"tribe_events_cat":[],"class_list":["post-980","tribe_events","type-tribe_events","status-publish","has-post-thumbnail","hentry"],"_links":{"self":[{"href":"https:\/\/eichengruen-karlsdorf.de\/egk2017\/wp-json\/wp\/v2\/tribe_events\/980","targetHints":{"allow":["GET"]}}],"collection":[{"href":"https:\/\/eichengruen-karlsdorf.de\/egk2017\/wp-json\/wp\/v2\/tribe_events"}],"about":[{"href":"https:\/\/eichengruen-karlsdorf.de\/egk2017\/wp-json\/wp\/v2\/types\/tribe_events"}],"author":[{"embeddable":true,"href":"https:\/\/eichengruen-karlsdorf.de\/egk2017\/wp-json\/wp\/v2\/users\/3"}],"version-history":[{"count":1,"href":"https:\/\/eichengruen-karlsdorf.de\/egk2017\/wp-json\/wp\/v2\/tribe_events\/980\/revisions"}],"predecessor-version":[{"id":982,"href":"https:\/\/eichengruen-karlsdorf.de\/egk2017\/wp-json\/wp\/v2\/tribe_events\/980\/revisions\/982"}],"wp:featuredmedia":[{"embeddable":true,"href":"https:\/\/eichengruen-karlsdorf.de\/egk2017\/wp-json\/wp\/v2\/media\/981"}],"wp:attachment":[{"href":"https:\/\/eichengruen-karlsdorf.de\/egk2017\/wp-json\/wp\/v2\/media?parent=980"}],"wp:term":[{"taxonomy":"post_tag","embeddable":true,"href":"https:\/\/eichengruen-karlsdorf.de\/egk2017\/wp-json\/wp\/v2\/tags?post=980"},{"taxonomy":"tribe_events_cat","embeddable":true,"href":"https:\/\/eichengruen-karlsdorf.de\/egk2017\/wp-json\/wp\/v2\/tribe_events_cat?post=980"}],"curies":[{"name":"wp","href":"https:\/\/api.w.org\/{rel}","templated":true}]}}

<p>Wetkampf für die bayerische Schützenjugend</p>
<p>Der Wettkampf findet am Samstag, den 20. Juli 2019 auf der Olympia-Schießanlage in Garching-Hochbrück statt.</p>
<div>Meldeschluss ist der 30. April 2019</div>
<p>Die Anmeldung und Waffenkontrolle beginnt um 7:00 Uhr, der Wettkampf startet je nach Teilnehmerzahl ab ca. 8:00 Uhr.</p>
<p><a href="https://www.bssj.de/images/stories/ausschreibung/Ausschreibung_Sport_Guschu_Open_2019.pdf">Ausschreibung</a></p>

<p>Wetkampf für die bayerische Schützenjugend Der Wettkampf findet am Samstag, den 20. Juli 2019 auf der Olympia-Schießanlage in Garching-Hochbrück statt. Meldeschluss ist der 30. April 2019 Die Anmeldung und Waffenkontrolle &#8230; <a title="Guschu Open 2019" class="read-more" href="https://eichengruen-karlsdorf.de/egk2017/event/guschu-open-2019/" aria-label="Mehr Informationen über Guschu Open 2019">Weiterlesen</a></p>
